 is divided by 706?
308
Calculate the remainder when 49654 is divided by 24524.
606
Calculate the remainder when 6261527 is divided by 417433.
32
Calculate the remainder when 965258 is divided by 460.
178
Calculate the remainder when 58015 is divided by 805.
55
What is the remainder when 591800 is divided by 233?
213
What is the remainder when 3504677 is divided by 1640?
1637
Calculate the remainder when 6378717 is divided by 2482.
2459
What is the remainder when 906926 is divided by 172?
142
Calculate the remainder when 11836164 is divided by 706.
74
Calculate the remainder when 67249076 is divided by 141.
113
What is the remainder when 2303070 is divided by 2303057?
13
What is the remainder when 19108660 is divided by 20?
0
Calculate the remainder when 564777 is divided by 126.
45
What is the remainder when 3594566 is divided by 1797254?
58
Calculate the remainder when 40976 is divided by 3641.
925
What is the remainder when 23106 is divided by 22870?
236
Calculate the remainder when 4127780 is divided by 208.
20
Calculate the remainder when 56858 is divided by 7154.
6780
Calculate the remainder when 804395 is divided by 47317.
6
Calculate the remainder when 54203586 is divided by 238.
38
Calculate the remainder when 9358 is divided by 648.
286
What is the remainder when 33686959 is divided by 249?
247
What is the remainder when 757376435 is divided by 82?
81
Calculate the remainder when 39845519 is divided by 186194.
3
Calculate the remainder when 2441874 is divided by 46.
10
What is the remainder when 232037 is divided by 343?
169
Calculate the remainder when 312273 is divided by 469.
388
Calculate the remainder when 17922102 is divided by 284.
282
What is the remainder when 65423 is divided by 408?
143
What is the remainder when 38478740 is divided by 121?
14
Calculate the remainder when 12953516 is divided by 3238336.
172
What is the remainder when 99289 is divided by 49501?
287
What is the remainder when 151259 is divided by 1362?
77
Calculate the remainder when 176446 is divided by 1665.
1621
What is the remainder when 16791 is divided by 5481?
348
Calculate the remainder when 265093 is divided by 51.
46
Calculate the remainder when 527855 is divided by 165.
20
What is the remainder when 337994 is divided by 1931?
69
What is the remainder when 107636 is divided by 138?
134
Calculate the remainder when 27100 is divided by 1002.
46
Calculate the remainder when 15100678 is divided by 35531.
3
Calculate the remainder when 4171269 is divided by 511.
487
Calculate the remainder when 14905 is divided by 3013.
2853
What is the remainder when 252220 is divided by 25?
20
What is the remainder when 2452993 is divided by 153311?
17
What is the remainder when 50269212 is divided by 4750?
4712
What is the remainder when 1550028 is divided by 4984?
4
What is the remainder when 25411 is divided by 81?
58
What is the remainder when 105993321 is divided by 226?
225
Calculate the remainder when 740292666 is divided by 2405.
2401
What is the remainder when 348410 is divided by 551?
178
What is the remainder when 21196337 is divided by 1298?
1295
Calculate the remainder when 5178186 is divided by 40.
26
Calculate the remainder when 9762208 is divided by 1064.
8
What is the remainder when 7643576 is divided by 2547835?
71
What is the remainder when 195465 is divided by 207?
57
What is the remainder when 68085 is divided by 6146?
479
Calculate the remainder when 724596 is divided by 27.
24
Calculate the remainder when 1046075 is divided by 78.
17
What is the remainder when 92476 is divided by 365?
131
What is the remainder when 199194 is divided by 682?
50
What is the remainder when 335045 is divided by 601?
288
Calculate the remainder when 1479960 is divided by 2803.
2779
What is the remainder when 688912 is divided by 172202?
104
What is the remainder when 2546601 is divided by 10565?
436
Calculate the remainder when 524166 is divided by 7708.
22
Calculate the remainder when 2533494 is divided by 74509.
188
Calculate the remainder when 4351842 is divided by 1808.
1794
Calculate the remainder when 133346 is divided by 15.
11
Calculate the remainder when 24902 is divided by 2647.
1079
Calculate the remainder when 909301 is divided by 3028.
901
Calculate the remainder when 5449944 is divided by 1350.
1344
Calculate the remainder when 13074 is divided by 6399.
276
Calculate the remainder when 21878421 is divided by 9.
6
What is the remainder when 16650747 is divided by 46?
35
Calculate the remainder when 998327 is divided by 332609.
500
Calculate the remainder when 1916629 is divided by 372.
85
What is the remainder when 2170835 is divided by 5931?
89
Calculate the remainder when 3491404 is divided by 3981.
67
What is the remainder when 1434712145 is divided by 5866?
5865
What is the remainder when 199210741 is divided by 1581?
1579
What is the remainder when 1263439 is divided by 551?
547
Calculate the remainder when 320412558 is divided by 130.
128
What is the remainder when 6652765 is divided by 5471?
29
What is the remainder when 793105 is divided by 637?
40
Calculate the remainder when 6154886 is divided by 105.
101
Calculate the remainder when 333 is divided by 38.
29
What is the remainder when 2530744 is divided by 147?
139
What is the remainder when 1121086 is divided by 95?
86
What is the remainder when 2577990 is divided by 403?
402
What is the remainder when 59609 is divided by 29504?
601
Calculate the remainder when 10829933 is divided by 314.
73
Calculate the remainder when 9254 is divided by 8773.
481
What is the remainder when 163254 is divided by 29?
13
Calculate the remainder when 112557 is divided by 112511.
46
Calculate the remainder when 2234500 is divided by 36040.
20
Calculate the remainder when 10788325 is divided by 950.
125
Calculate the remainder when 23482250 is divided by 11741119.
12
What is the remainder when 37374262 is divided by 21?
16
Calculate the remainder when 71736 is divided by 17811.
492
Calculate the remainder when 3550931 is divided by 1775465.
1
What is the remainder when 46468924 is divided by 234?
34
Calculate the remainder when 177936 is divided by 242.
66
What is the remainder when 168587 is divided by 564?
515
Calculate the remainder when 3327834 is divided by 833.
832
What is the remainder when 131560 is divided by 131540?
20
What is the remainder when 13136972 is divided by 20273?
68
Calculate the remainder when 259581973 is divided by 64895491.
9
What is the remainder when 5513322 is divided by 1119?
9
What is the remainder when 2952606 is divided by 164031?
48
Calculate the remainder when 428720 is divided by 4357.
1734
Calculate the remainder when 73390 is divided by 2534.
2438
What is the remainder when 53241 is divided by 2691?
2112
Calculate the remainder when 16157953 is divided by 57.
49
Calculate the remainder when 371199 is divided by 279.
129
What is the remainder when 41840 is divided by 3760?
480
Calculate the remainder when 3292203 is divided by 386.
9
Calculate the remainder when 456287 is divided by 435.
407
Calculate the remainder when 26378349 is divided by 18.
15
What is the remainder when 3315701 is divided by 3676?
3625
What is the remainder when 175828 is divided by 29280?
148
What is the remainder when 48914536 is divided by 6773?
6703
Calculate the remainder when 257529 is divided by 25424.
3289
What is the remainder when 2738380 is divided by 1369175?
30
What is the remainder when 3194101 is divided by 22?
9
What is the remainder when 47969 is divided by 6852?
5
Calculate the remainder when 4125579 is divided by 5667.
3
What is the remainder when 1538595 is divided by 219198?
4209
What is the remainder when 35546238 is divided by 87?
39
What is the remainder when 17831397 is divided by 2409?
2388
What is the remainder when 850009 is divided by 6588?
157
What is the remainder when 1850272 is divided by 166?
36
What is the remainder when 231041 is divided by 229394?
1647
Calculate the remainder when 446994 is divided by 2794.
2748
Calculate the remainder when 163228466 is divided by 9601673.
25
Calculate the remainder when 6337909 is divided by 23.
6
Calculate the remainder when 634193 is divided by 57.
11
What is the remainder when 1127572 is divided by 2980?
1132
Calculate the rema